. Let k be q(6). Suppose k = -2*d + h*d. What is the units digit of d?
3
Suppose -2*r + 4*r = 24. Suppose -4*j + r*j - 80 = 0. What is the units digit of j?
0
What is the thousands digit of 36441/30 + 30/100?
1
Let u be 4/6*(-4 + 7). Suppose 0 = -2*r - y + 24, u*y - 5 = -2*r + 17. What is the tens digit of r?
1
Let f be ((-4)/10)/((-10)/100). Suppose 3*n - 4*n + 4*t = -181, -2*n - f*t = -326. What is the units digit of n?
9
Suppose -3*y + 14 - 2 = 0. Suppose 0 = -2*d - 2*d - y*f + 16, 3*f - 12 = 2*d. Suppose 0 = -d*c - 3*c + t + 40, 3*t = 15. What is the units digit of c?
5
Let g(n) be the third derivative of n**5/60 + n**4/24 + n**3/3 - 3*n**2. Let p be g(0). Suppose -d + 32 = -p. What is the units digit of d?
4
Suppose 0 = 2*y - 5*y - 36. Let r(v) = -v + 7. Let u be r(y). Suppose -5*d - 3*f = -27, 2*d + d - f - u = 0. What is the units digit of d?
6
Suppose 15 = 2*o + 9. Suppose -o*s + 10 = -62. What is the units digit of 30/s*(2 - -2)?
5
Suppose -2*y - 4*l = 107 - 627, -4*y - 4*l = -1040. What is the units digit of y?
0
What is the hundreds digit of (-4 - 156/(-16))/(10/6320)?
6
What is the thousands digit of ((-32)/40)/((-4)/7470)?
1
Let d = -14 + 20. What is the units digit of 1/d - 1074/(-36)?
0
Suppose -7*a = -5*s - 6*a + 15, 2*a + 3 = s. Suppose -p + s*p - 292 = 0. What is the hundreds digit of p?
1
Suppose -16158 = -4*h + g, 3*h = 3*g + 6688 + 5426. What is the tens digit of h?
4
Let q = -536 + 2327. What is the tens digit of q?
9
Let m(h) = -2*h**2 - 2*h + 1. Let f be m(1). Let p be (-165)/(-3) + (-2 - f). Suppose -p = -z - 0*z + 2*y, -3*z + 113 = 5*y. What is the tens digit of z?
4
Let r(l) be the first derivative of -l**2/2 + 3*l - 5. Let q be r(-3). What is the tens digit of ((-52)/10)/(q/(-15))?
1
Suppose -9225 = -52*u + 43*u. What is the hundreds digit of u?
0
Let b(f) = -2*f**3 + 1. Let p(y) = -y**2 + 3*y + 3. Let c be p(4). Let k be b(c). Suppose 2*x = x - q - k, -3*q = 15. What is the units digit of x?
2
Let c(j) = 2*j**2 + 7*j - 3. Let i be c(-5). Let s be (-2 - (-28)/i)*21. Suppose s*m - 2*m - 220 = 0. What is the units digit of m?
4
Suppose 5*i - 4*k = 6539 - 215, 1266 = i - 2*k. What is the thousands digit of i?
1
What is the units digit of 4756 + (-6 - (-10 - 8))?
8
Let c(r) = -r**3 - 4*r**2 + r + 10. Let l be c(-4). Let i(d) = -d**3 + 7*d**2 - d - 5. What is the units digit of i(l)?
5
Suppose k + 3*n = -2*k - 138, -3*k - 132 = 5*n. Let l = k - -64. What is the units digit of l?
5
Suppose -4*c + c + 24 = 0. What is the tens digit of c/12 + 665/15?
4
Let w be 1 + 68 - (-3 + 4). Suppose -5*t + 107 = -w. What is the units digit of t?
5
Suppose 4*b = 3*b + 4. Suppose -b*a = -7*a + 522. Suppose a = 5*t - 3*p, 5*p - 3 = -18. What is the tens digit of t?
3
Let q = 2967 + -585. What is the tens digit of q?
8
Suppose 0 = l - 285 + 180. What is the units digit of l?
5
Suppose 0 = 7*i - 4*i - 12. Suppose -561 = -2*r - 3*d, d - 1121 = -i*r - 4*d. What is the hundreds digit of r?
2
Let a = -693 + 2026. What is the units digit of a?
3
Let a = -17 + 65. Let c(r) = -r**3 - 3*r**2 - 3*r - 8. Let f be c(-4). Let o = a - f. What is the units digit of o?
8
What is the hundreds digit of 0 + 2797 + 1232/(-112)?
7
Let p be 0*(3/6)/((-9)/6). Suppose -9*v - v + 820 = p. What is the units digit of v?
2
Suppose 0 = 5*k - l - 3045, 5*l - 3015 = -k - 4*k. Suppose 5*b + 3*d = 1018, 3*b + 5*d - 6*d - k = 0. What is the hundreds digit of b?
2
Let c = 2612 + -1084. What is the tens digit of c?
2
Suppose -7*j + 3*j + 12 = 0. What is the tens digit of (-1 - -66 - 1) + j?
6
Let o(c) = -c**2 + 13*c + 8. Let g be o(14). Let h(b) = -b**3 - 7*b**2 - 7*b + 1. Let s be h(g). Suppose s + 10 = z. What is the units digit of z?
7
Let i(g) = -37*g - 47. Let a(x) = 12*x + 16. Let b(w) = -11*a(w) - 4*i(w). What is the tens digit of b(7)?
2
Suppose 0 = 9*m - 12*m + 5*s + 3095, -2*m - 5*s = -2030. What is the tens digit of m?
2
Let c = -5028 - -9348. What is the tens digit of c?
2
Let w = 80 + -77. What is the tens digit of w*(-2)/(2*3/(-27))?
2
Suppose -2*s + 30 = 4*c, -39 = -3*s - 5*c + 1. Suppose -5*q = 5*h - 455, h - 5*h + 409 = -s*q. What is the units digit of h?
6
Let z be 2/(-3)*(-9)/6. Let m be 1 - (0 + -1)*z. Suppose 2*p = 3*l + 2*l - 103, m*p = -2*l + 30. What is the units digit of l?
9
What is the thousands digit of -7 + 8 + 4 - -41*36?
1
Let y(c) = 4*c + 37. Let p(x) = -x - 9. Let r(o) = -9*p(o) - 2*y(o). What is the tens digit of r(13)?
2
Suppose 56181 = 14*o + 1329. What is the hundreds digit of o?
9
Suppose 2*n = j - 1714, -14 = 5*n + 6. What is the thousands digit of j?
1
Let d(z) = 5*z**2 - 4*z + 1. Let x be d(1). Suppose 0 = -6*j + j, -v = x*j - 71. What is the tens digit of v?
7
Let a = -43 + 31. Let f be (-4)/(-2)*a/8. Let m(w) = -w**3 + w**2. What is the tens digit of m(f)?
3
Suppose -4461 = -32*l + 6611. What is the units digit of l?
6
Let l = -10 - -8. Let u be (l/5)/(4/(-20)). Let a = u - -9. What is the tens digit of a?
1
Let x(u) be the second derivative of -u**4/12 + 4*u**3/3 + u**2/2 + 6*u. Let h be x(8). What is the units digit of 27 + (h + -2 - -1)?
7
Suppose 3*b + 4*v = 980, -3*v - 193 = -b + 125. Suppose 0 = 19*s - 22*s + b. What is the hundreds digit of s?
1
Let f be 1/((-1)/105*3). Let j = -21 - f. Suppose 0 = 4*i + j - 182. What is the units digit of i?
2
Let a = 239 - 168. Suppose -a = 4*t - 9*t - 2*o, -4*o + 12 = 0. What is the tens digit of t?
1
Let g = -187 - -1026. What is the tens digit of g?
3
Let n = 55 + -53. Suppose g + n*m - 71 = -2*g, -4*g + 5*m = -110. What is the units digit of g?
5
Suppose -r - 6 = -3*n + n, 4*r = -8. Suppose 5*z + 3*o - n - 92 = 0, 5*o - 30 = -2*z. What is the tens digit of z?
2
Suppose -2*t + 961 = 3*t - 4*o, -4*t - o + 773 = 0. Suppose 0 = -3*u + t - 25. What is the tens digit of u?
5
Suppose 0 = 13*n - 9*n + 2*i - 194, -2*i - 174 = -4*n. What is the tens digit of n?
4
Suppose -5*d + 11388 = 7*d. What is the units digit of d?
9
Suppose 3*y + 0*y - 1984 = 2*u, u = 1. What is the tens digit of y?
6
Let k be (-1)/(-2) + 47/2. Let r = k - 19. Suppose r = 2*i - 7. What is the units digit of i?
6
Let x(j) = j**2 + 17*j - 133. What is the units digit of x(19)?
1
Suppose -15 = 2*x + 3*x. What is the units digit of 3 + x + (-32)/(-2)?
6
Let o(j) = 4*j**2 + 9*j - 28. Let r be o(5). Suppose -4*a + 599 = -r. What is the units digit of a?
9
Let a(z) = 2 + 3 - z**3 + 5*z**2 + 0 - 4 - z. Let p be a(5). What is the tens digit of 33 + p + (-1 - -4)?
3
Let n be (-3)/3 + (2/1 - -5). Suppose -n*a = -a + 4*b - 120, -4*a - 4*b + 96 = 0. What is the tens digit of a?
2
Suppose 4*b = 307 - 7. What is the units digit of b?
5
Let m(y) = 3*y**2 + 19*y - 2. Let q be m(-7). What is the tens digit of 1023/4 + 3/q?
5
Let k(t) = -4*t + 2. Let l = 4 + 0. Suppose 5*j + u + 30 = 0, -j = -2*u - l - 1. What is the units digit of k(j)?
2
What is the units digit of (-3 + 0/3)/(24/(-22768))?
6
Let i be ((-46)/(-14) - 1) + 12/(-42). Suppose -i*f + 2*d = -142, -3*f + 71 = 5*d - 174. What is the units digit of f?
5
Suppose -3*k - 15 = -0*k, -4*k - 360 = 5*i. Let r = i + 162. Suppose 5*f + r = 4*n, 3*f = 3*n + 4*f - 80. What is the tens digit of n?
2
Let r = -47 - -77. Suppose -r = -11*c + 9*c. Suppose c*o + 48 = 18*o. What is the tens digit of o?
1
Let p = -2 - -7. Let v be 6/p*(-20)/(-6). Let k(a) = 2*a**3 - 7*a**2 + 6*a - 2. What is the units digit of k(v)?
8
Let n(x) = 7*x**2 - 14*x + 52. What is the hundreds digit of n(7)?
2
Let s = 396 + 458. What is the units digit of s?
4
Let m(z) = 9*z - 11. Let x be m(-5). Let r = -35 - x. Let o = 25 - r. What is the units digit of o?
4
Let b(h) = h**3 - 3*h**2 + h - 3. Let u be b(3). Suppose u = 6*d - 0*d - 480. What is the units digit of d?
0
Let f(u) = u**3 + 8*u**2 + u + 14. Let o be (-3)/(147/14) + 80/(-14). What is the tens digit of f(o)?
8
Let k be (-7)/(182/4) - (-2)/13. Let j(t) = t**2 - t + 70. What is the tens digit of j(k)?
7
Let j be 3/(-3) + 3 + -7. Let h(d) = -1. Let o(t) = 23*t + 6. Let u(r) = j*h(r) - o(r). What is the units digit of u(-1)?
2
Let c be 54/10 + 14/(-35). Suppose -5*x = 5, -c*x = 4*l - 25 + 2. What is the units digit of l?
7
Suppose -2719 + 571 = -2*k. What is the thousands digit of k?
1
Suppose -11316 = -3*t - 5*a - 3549, 10356 = 4*t + 3*a. What is the units digit of